{"id":114,"date":"2020-06-16T14:21:56","date_gmt":"2020-06-16T12:21:56","guid":{"rendered":"https:\/\/autoadra.pl\/index.php\/aktywnosc\/"},"modified":"2021-05-31T22:40:19","modified_gmt":"2021-05-31T20:40:19","slug":"ozonowanie-odgrzybianie-klimatyzacji","status":"publish","type":"page","link":"https:\/\/autoadra.pl\/index.php\/ozonowanie-odgrzybianie-klimatyzacji\/","title":{"rendered":"Ozonowanie i odgrzybianie klimatyzacji i nawiewu"},"content":{"rendered":"<p><b>Alergie, chroniczne zapalenia g\u00f3rnych i dolnych dr\u00f3g oddechowych, zaka\u017cenia grzybami i ple\u015bni\u0105\u2026 brzmi okropnie! A przyczyn\u0105 tych nieprzyjemnych dolegliwo\u015bci mo\u017ce by\u0107 zanieczyszczona klimatyzacja. Je\u017celi obawiasz si\u0119, \u017ce wymiana filtra oraz dezynfekcja klimatyzacji w Twoim samochodzie ostatni raz mia\u0142y miejsce kilka sezon\u00f3w temu, zg\u0142o\u015b si\u0119 do naszego warsztatu samochodowego we Wroc\u0142awiu.<\/b><\/p>\n<div class=\"entry-content\">\n<p><img decoding=\"async\" class=\"aligncenter\" src=\"https:\/\/web.archive.org\/web\/20180903081651im_\/http:\/\/autoadra.pl\/wp-content\/uploads\/2017\/11\/odgrzybianie-klimatyzacji-wroclaw.jpg\" alt=\"Odgrzybianie Klimatyzacji Wroc\u0142aw\" \/><\/p>\n<h2><span style=\"font-size: 14pt;\">Ozonowanie i odgrzybianie klimatyzacji\u00a0<\/span><\/h2>\n<p><span style=\"font-weight: 400;\">W Auto Adra \u015bwiadczymy profesjonalne i kompleksowe us\u0142ugi w zakresie ozonowania, odgrzybiania oraz wymiany filtra w klimatyzacji samochodowej. Obs\u0142ugujemy klient\u00f3w z autami osobowymi oraz dostawczymi.<\/span><\/p>\n<p><span style=\"font-weight: 400;\">Nagromadzenie wirus\u00f3w i bakterii mo\u017ce sprzyja\u0107 rozwojowi choroby dr\u00f3g oddechowych. Je\u015bli dezynfekcja nie b\u0119dzie odbywa\u0142a si\u0119 systematycznie mo\u017ce to zagra\u017ca\u0107 Twojemu zdrowiu oraz zmniejsza\u0107 komfort korzystania z pojazdu. Dodatkowo ozonowanie klimatyzacji pomaga pozby\u0107 si\u0119 nieprzyjemnego zapachu wydobywaj\u0105cego si\u0119 z nawiewu.\u00a0<\/span><\/p>\n<h3><span style=\"font-size: 12pt;\">Kiedy wykona\u0107 ozonowanie i odgrzybianie klimatyzacji w samochodzie?<\/span><\/h3>\n<p><span style=\"font-weight: 400;\">Filtr w klimatyzacji samochodowej powinno wymienia\u0107 si\u0119 raz do roku. Podczas wykonywania tej us\u0142ugi wyczy\u015bcimy tak\u017ce nawiewy klimatyzacji ozonem, kt\u00f3ry dzia\u0142a zab\u00f3jczo na grzyby, wirusy, a tak\u017ce usuwa nieprzyjemny zapach w samochodzie.\u00a0<\/span><\/p>\n<p><span style=\"font-weight: 400;\">Dezynfekcj\u0119 klimatyzacji warto r\u00f3wnie\u017c wykona\u0107, je\u017celi sprzedajesz samoch\u00f3d, kupi\u0142e\u015b w\u0142a\u015bnie nowy pojazd lub po prostu czujesz brzydki zapach z kratek.\u00a0<\/span><\/p>\n<p><img loading=\"lazy\" decoding=\"async\" class=\"aligncenter\" src=\"https:\/\/web.archive.org\/web\/20180903081651im_\/http:\/\/autoadra.pl\/wp-content\/uploads\/2017\/11\/ozonowanie-klimatyzacji-wroclaw.jpg\" alt=\"Ozonowanie Klimatyzacji Wroc\u0142aw\" width=\"1000\" height=\"588\" \/><\/p>\n<h3><span style=\"font-size: 12pt;\">Ile kosztuje wymiana filtra oraz odgrzybianie klimatyzacji?<\/span><\/h3>\n<p><span style=\"font-weight: 400;\">Koszt wymiany filtra oraz wyczyszczenie klimatyzacji ozonem to <\/span><b>50 z\u0142otych netto<\/b><span style=\"font-weight: 400;\">. Do ceny us\u0142ugi <\/span><b>nale\u017cy doliczy\u0107 tak\u017c\u0119 cen\u0119 filtra<\/b><span style=\"font-weight: 400;\">.\u00a0<\/span><\/p>\n<h2><span style=\"font-size: 14pt;\">Kompleksowe us\u0142ugi w naszym warsztacie we Wroc\u0142awiu<\/span><\/h2>\n<p><span style=\"font-weight: 400;\">Warsztat Auto Adra istnieje od 20 lat, a jego pracownicy specjalizuj\u0105 si\u0119 w <\/span><a href=\"https:\/\/autoadra.pl\/index.php\/blacharstwo\/\"><span style=\"font-weight: 400;\">blacharstwie<\/span><\/a><span style=\"font-weight: 400;\"> i <\/span><a href=\"https:\/\/autoadra.pl\/index.php\/lakiernictwo\/\"><span style=\"font-weight: 400;\">lakiernictwie samochodowym<\/span><\/a><span style=\"font-weight: 400;\">. Zapewniamy tak\u017ce bezgot\u00f3wkow\u0105 obs\u0142ug\u0119 szk\u00f3d z OC oraz <\/span><a href=\"https:\/\/autoadra.pl\/index.php\/samochody-zastepcze\/\"><span style=\"font-weight: 400;\">samoch\u00f3d zast\u0119pczy<\/span><\/a><span style=\"font-weight: 400;\"> na technologiczny lub ca\u0142kowity czas naprawy.\u00a0<\/span><\/p>\n<p><span style=\"font-weight: 400;\">Je\u017celi potrzebujesz wymiany filtra oraz ozonowania klimatyzacji um\u00f3w si\u0119 na wizyt\u0119 w naszym warsztacie przy ulicy Trzebnickiej we Wroc\u0142awiu pod numerem: 607-685-444 <\/span><\/p>\n<\/div>\n","protected":false},"excerpt":{"rendered":"<p>Alergie, chroniczne zapalenia g\u00f3rnych i dolnych dr\u00f3g oddechowych, zaka\u017cenia grzybami i ple\u015bni\u0105\u2026 brzmi okropnie! A przyczyn\u0105 tych nieprzyjemnych dolegliwo\u015bci mo\u017ce by\u0107 zanieczyszczona klimatyzacja. Je\u017celi obawiasz si\u0119, \u017ce wymiana filtra oraz dezynfekcja klimatyzacji w Twoim samochodzie ostatni raz mia\u0142y miejsce kilka sezon\u00f3w temu, zg\u0142o\u015b si\u0119 do naszego warsztatu samochodowego we Wroc\u0142awiu. Ozonowanie i odgrzybianie klimatyzacji\u00a0 W Auto Adra \u015bwiadczymy profesjonalne i kompleksowe us\u0142ugi w zakresie ozonowania, odgrzybiania oraz wymiany filtra w klimatyzacji samochodowej. Obs\u0142ugujemy klient\u00f3w z autami osobowymi oraz dostawczymi. Nagromadzenie wirus\u00f3w i bakterii mo\u017ce sprzyja\u0107 rozwojowi choroby dr\u00f3g oddechowych. Je\u015bli dezynfekcja nie b\u0119dzie odbywa\u0142a si\u0119 systematycznie mo\u017ce to zagra\u017ca\u0107 Twojemu zdrowiu oraz zmniejsza\u0107 komfort korzystania z pojazdu. Dodatkowo ozonowanie klimatyzacji pomaga pozby\u0107 si\u0119 nieprzyjemnego zapachu wydobywaj\u0105cego si\u0119 z nawiewu.\u00a0 Kiedy wykona\u0107 ozonowanie i odgrzybianie klimatyzacji w samochodzie? Filtr w klimatyzacji samochodowej powinno wymienia\u0107 si\u0119 raz do roku. Podczas wykonywania tej us\u0142ugi wyczy\u015bcimy tak\u017ce nawiewy klimatyzacji ozonem, kt\u00f3ry dzia\u0142a zab\u00f3jczo na grzyby, wirusy, a tak\u017ce usuwa nieprzyjemny zapach w samochodzie.\u00a0 Dezynfekcj\u0119 klimatyzacji warto r\u00f3wnie\u017c wykona\u0107, je\u017celi sprzedajesz samoch\u00f3d, kupi\u0142e\u015b w\u0142a\u015bnie nowy pojazd lub po prostu czujesz brzydki zapach z kratek.\u00a0 Ile kosztuje wymiana filtra oraz odgrzybianie klimatyzacji? Koszt wymiany filtra oraz wyczyszczenie klimatyzacji ozonem to 50 z\u0142otych netto. Do ceny us\u0142ugi nale\u017cy doliczy\u0107 tak\u017c\u0119 cen\u0119 filtra.\u00a0 Kompleksowe us\u0142ugi w naszym warsztacie we Wroc\u0142awiu Warsztat Auto Adra istnieje od 20 lat, a jego pracownicy specjalizuj\u0105 si\u0119 w blacharstwie i lakiernictwie samochodowym. Zapewniamy tak\u017ce bezgot\u00f3wkow\u0105 obs\u0142ug\u0119 szk\u00f3d z OC oraz samoch\u00f3d zast\u0119pczy na technologiczny lub ca\u0142kowity czas naprawy.\u00a0 Je\u017celi potrzebujesz wymiany filtra oraz ozonowania klimatyzacji um\u00f3w si\u0119 na wizyt\u0119 w naszym warsztacie przy ulicy Trzebnickiej we Wroc\u0142awiu pod numerem: 607-685-444<\/p>\n","protected":false},"author":1,"featured_media":0,"parent":0,"menu_order":0,"comment_status":"closed","ping_status":"closed","template":"","meta":{"footnotes":""},"class_list":["post-114","page","type-page","status-publish","hentry"],"yoast_head":"<!-- This site is optimized with the Yoast SEO plugin v26.3 - https:\/\/yoast.com\/wordpress\/plugins\/seo\/ -->\n<title>Ozonowanie klimatyzacji i wymiana filtra kabinowego | Auto Adra<\/title>\n<meta name=\"description\" content=\"Przynajmniej dwa razdy do roku warto wymieni\u0107 filtr kabionowy oraz wykona\u0107 ozonowanie klimatyzacji. Pozb\u0105d\u017a si\u0119 bakterii, grzyb\u00f3w i wirus\u00f3w!\" \/>\n<meta name=\"robots\" content=\"index, follow, max-snippet:-1, max-image-preview:large, max-video-preview:-1\" \/>\n<link rel=\"canonical\" href=\"https:\/\/autoadra.pl\/index.php\/ozonowanie-odgrzybianie-klimatyzacji\/\" \/>\n<meta property=\"og:locale\" content=\"pl_PL\" \/>\n<meta property=\"og:type\" content=\"article\" \/>\n<meta property=\"og:title\" content=\"Ozonowanie klimatyzacji i wymiana filtra kabinowego | Auto Adra\" \/>\n<meta property=\"og:description\" content=\"Przynajmniej dwa razdy do roku warto wymieni\u0107 filtr kabionowy oraz wykona\u0107 ozonowanie klimatyzacji. Pozb\u0105d\u017a si\u0119 bakterii, grzyb\u00f3w i wirus\u00f3w!\" \/>\n<meta property=\"og:url\" content=\"https:\/\/autoadra.pl\/index.php\/ozonowanie-odgrzybianie-klimatyzacji\/\" \/>\n<meta property=\"og:site_name\" content=\"Auto Adra\" \/>\n<meta property=\"article:publisher\" content=\"https:\/\/www.facebook.com\/AutoAdra\/\" \/>\n<meta property=\"article:modified_time\" content=\"2021-05-31T20:40:19+00:00\" \/>\n<meta property=\"og:image\" content=\"https:\/\/web.archive.org\/web\/20180903081651im_\/http:\/\/autoadra.pl\/wp-content\/uploads\/2017\/11\/odgrzybianie-klimatyzacji-wroclaw.jpg\" \/>\n<meta name=\"twitter:card\" content=\"summary_large_image\" \/>\n<meta name=\"twitter:label1\" content=\"Szacowany czas czytania\" \/>\n\t<meta name=\"twitter:data1\" content=\"2 minuty\" \/>\n<script type=\"application\/ld+json\" class=\"yoast-schema-graph\">{\"@context\":\"https:\/\/schema.org\",\"@graph\":[{\"@type\":\"WebPage\",\"@id\":\"https:\/\/autoadra.pl\/index.php\/ozonowanie-odgrzybianie-klimatyzacji\/\",\"url\":\"https:\/\/autoadra.pl\/index.php\/ozonowanie-odgrzybianie-klimatyzacji\/\",\"name\":\"Ozonowanie klimatyzacji i wymiana filtra kabinowego | Auto Adra\",\"isPartOf\":{\"@id\":\"https:\/\/autoadra.pl\/#website\"},\"primaryImageOfPage\":{\"@id\":\"https:\/\/autoadra.pl\/index.php\/ozonowanie-odgrzybianie-klimatyzacji\/#primaryimage\"},\"image\":{\"@id\":\"https:\/\/autoadra.pl\/index.php\/ozonowanie-odgrzybianie-klimatyzacji\/#primaryimage\"},\"thumbnailUrl\":\"https:\/\/web.archive.org\/web\/20180903081651im_\/http:\/\/autoadra.pl\/wp-content\/uploads\/2017\/11\/odgrzybianie-klimatyzacji-wroclaw.jpg\",\"datePublished\":\"2020-06-16T12:21:56+00:00\",\"dateModified\":\"2021-05-31T20:40:19+00:00\",\"description\":\"Przynajmniej dwa razdy do roku warto wymieni\u0107 filtr kabionowy oraz wykona\u0107 ozonowanie klimatyzacji. Pozb\u0105d\u017a si\u0119 bakterii, grzyb\u00f3w i wirus\u00f3w!\",\"breadcrumb\":{\"@id\":\"https:\/\/autoadra.pl\/index.php\/ozonowanie-odgrzybianie-klimatyzacji\/#breadcrumb\"},\"inLanguage\":\"pl-PL\",\"potentialAction\":[{\"@type\":\"ReadAction\",\"target\":[\"https:\/\/autoadra.pl\/index.php\/ozonowanie-odgrzybianie-klimatyzacji\/\"]}]},{\"@type\":\"ImageObject\",\"inLanguage\":\"pl-PL\",\"@id\":\"https:\/\/autoadra.pl\/index.php\/ozonowanie-odgrzybianie-klimatyzacji\/#primaryimage\",\"url\":\"https:\/\/web.archive.org\/web\/20180903081651im_\/http:\/\/autoadra.pl\/wp-content\/uploads\/2017\/11\/odgrzybianie-klimatyzacji-wroclaw.jpg\",\"contentUrl\":\"https:\/\/web.archive.org\/web\/20180903081651im_\/http:\/\/autoadra.pl\/wp-content\/uploads\/2017\/11\/odgrzybianie-klimatyzacji-wroclaw.jpg\"},{\"@type\":\"BreadcrumbList\",\"@id\":\"https:\/\/autoadra.pl\/index.php\/ozonowanie-odgrzybianie-klimatyzacji\/#breadcrumb\",\"itemListElement\":[{\"@type\":\"ListItem\",\"position\":1,\"name\":\"Strona g\u0142\u00f3wna\",\"item\":\"https:\/\/autoadra.pl\/\"},{\"@type\":\"ListItem\",\"position\":2,\"name\":\"Ozonowanie i odgrzybianie klimatyzacji i nawiewu\"}]},{\"@type\":\"WebSite\",\"@id\":\"https:\/\/autoadra.pl\/#website\",\"url\":\"https:\/\/autoadra.pl\/\",\"name\":\"Auto Adra\",\"description\":\"Blacharstwo Lakiernictwo Wroc\u0142aw\",\"publisher\":{\"@id\":\"https:\/\/autoadra.pl\/#organization\"},\"potentialAction\":[{\"@type\":\"SearchAction\",\"target\":{\"@type\":\"EntryPoint\",\"urlTemplate\":\"https:\/\/autoadra.pl\/?s={search_term_string}\"},\"query-input\":{\"@type\":\"PropertyValueSpecification\",\"valueRequired\":true,\"valueName\":\"search_term_string\"}}],\"inLanguage\":\"pl-PL\"},{\"@type\":\"Organization\",\"@id\":\"https:\/\/autoadra.pl\/#organization\",\"name\":\"Auto Adra\",\"url\":\"https:\/\/autoadra.pl\/\",\"logo\":{\"@type\":\"ImageObject\",\"inLanguage\":\"pl-PL\",\"@id\":\"https:\/\/autoadra.pl\/#\/schema\/logo\/image\/\",\"url\":\"https:\/\/autoadra.pl\/wp-content\/uploads\/2020\/06\/logo_n-czyste-\u2014-kopia-1.png\",\"contentUrl\":\"https:\/\/autoadra.pl\/wp-content\/uploads\/2020\/06\/logo_n-czyste-\u2014-kopia-1.png\",\"width\":450,\"height\":126,\"caption\":\"Auto Adra\"},\"image\":{\"@id\":\"https:\/\/autoadra.pl\/#\/schema\/logo\/image\/\"},\"sameAs\":[\"https:\/\/www.facebook.com\/AutoAdra\/\"]}]}<\/script>\n<!-- \/ Yoast SEO plugin. -->","yoast_head_json":{"title":"Ozonowanie klimatyzacji i wymiana filtra kabinowego | Auto Adra","description":"Przynajmniej dwa razdy do roku warto wymieni\u0107 filtr kabionowy oraz wykona\u0107 ozonowanie klimatyzacji. Pozb\u0105d\u017a si\u0119 bakterii, grzyb\u00f3w i wirus\u00f3w!","robots":{"index":"index","follow":"follow","max-snippet":"max-snippet:-1","max-image-preview":"max-image-preview:large","max-video-preview":"max-video-preview:-1"},"canonical":"https:\/\/autoadra.pl\/index.php\/ozonowanie-odgrzybianie-klimatyzacji\/","og_locale":"pl_PL","og_type":"article","og_title":"Ozonowanie klimatyzacji i wymiana filtra kabinowego | Auto Adra","og_description":"Przynajmniej dwa razdy do roku warto wymieni\u0107 filtr kabionowy oraz wykona\u0107 ozonowanie klimatyzacji. Pozb\u0105d\u017a si\u0119 bakterii, grzyb\u00f3w i wirus\u00f3w!","og_url":"https:\/\/autoadra.pl\/index.php\/ozonowanie-odgrzybianie-klimatyzacji\/","og_site_name":"Auto Adra","article_publisher":"https:\/\/www.facebook.com\/AutoAdra\/","article_modified_time":"2021-05-31T20:40:19+00:00","og_image":[{"url":"https:\/\/web.archive.org\/web\/20180903081651im_\/http:\/\/autoadra.pl\/wp-content\/uploads\/2017\/11\/odgrzybianie-klimatyzacji-wroclaw.jpg","type":"","width":"","height":""}],"twitter_card":"summary_large_image","twitter_misc":{"Szacowany czas czytania":"2 minuty"},"schema":{"@context":"https:\/\/schema.org","@graph":[{"@type":"WebPage","@id":"https:\/\/autoadra.pl\/index.php\/ozonowanie-odgrzybianie-klimatyzacji\/","url":"https:\/\/autoadra.pl\/index.php\/ozonowanie-odgrzybianie-klimatyzacji\/","name":"Ozonowanie klimatyzacji i wymiana filtra kabinowego | Auto Adra","isPartOf":{"@id":"https:\/\/autoadra.pl\/#website"},"primaryImageOfPage":{"@id":"https:\/\/autoadra.pl\/index.php\/ozonowanie-odgrzybianie-klimatyzacji\/#primaryimage"},"image":{"@id":"https:\/\/autoadra.pl\/index.php\/ozonowanie-odgrzybianie-klimatyzacji\/#primaryimage"},"thumbnailUrl":"https:\/\/web.archive.org\/web\/20180903081651im_\/http:\/\/autoadra.pl\/wp-content\/uploads\/2017\/11\/odgrzybianie-klimatyzacji-wroclaw.jpg","datePublished":"2020-06-16T12:21:56+00:00","dateModified":"2021-05-31T20:40:19+00:00","description":"Przynajmniej dwa razdy do roku warto wymieni\u0107 filtr kabionowy oraz wykona\u0107 ozonowanie klimatyzacji. Pozb\u0105d\u017a si\u0119 bakterii, grzyb\u00f3w i wirus\u00f3w!","breadcrumb":{"@id":"https:\/\/autoadra.pl\/index.php\/ozonowanie-odgrzybianie-klimatyzacji\/#breadcrumb"},"inLanguage":"pl-PL","potentialAction":[{"@type":"ReadAction","target":["https:\/\/autoadra.pl\/index.php\/ozonowanie-odgrzybianie-klimatyzacji\/"]}]},{"@type":"ImageObject","inLanguage":"pl-PL","@id":"https:\/\/autoadra.pl\/index.php\/ozonowanie-odgrzybianie-klimatyzacji\/#primaryimage","url":"https:\/\/web.archive.org\/web\/20180903081651im_\/http:\/\/autoadra.pl\/wp-content\/uploads\/2017\/11\/odgrzybianie-klimatyzacji-wroclaw.jpg","contentUrl":"https:\/\/web.archive.org\/web\/20180903081651im_\/http:\/\/autoadra.pl\/wp-content\/uploads\/2017\/11\/odgrzybianie-klimatyzacji-wroclaw.jpg"},{"@type":"BreadcrumbList","@id":"https:\/\/autoadra.pl\/index.php\/ozonowanie-odgrzybianie-klimatyzacji\/#breadcrumb","itemListElement":[{"@type":"ListItem","position":1,"name":"Strona g\u0142\u00f3wna","item":"https:\/\/autoadra.pl\/"},{"@type":"ListItem","position":2,"name":"Ozonowanie i odgrzybianie klimatyzacji i nawiewu"}]},{"@type":"WebSite","@id":"https:\/\/autoadra.pl\/#website","url":"https:\/\/autoadra.pl\/","name":"Auto Adra","description":"Blacharstwo Lakiernictwo Wroc\u0142aw","publisher":{"@id":"https:\/\/autoadra.pl\/#organization"},"potentialAction":[{"@type":"SearchAction","target":{"@type":"EntryPoint","urlTemplate":"https:\/\/autoadra.pl\/?s={search_term_string}"},"query-input":{"@type":"PropertyValueSpecification","valueRequired":true,"valueName":"search_term_string"}}],"inLanguage":"pl-PL"},{"@type":"Organization","@id":"https:\/\/autoadra.pl\/#organization","name":"Auto Adra","url":"https:\/\/autoadra.pl\/","logo":{"@type":"ImageObject","inLanguage":"pl-PL","@id":"https:\/\/autoadra.pl\/#\/schema\/logo\/image\/","url":"https:\/\/autoadra.pl\/wp-content\/uploads\/2020\/06\/logo_n-czyste-\u2014-kopia-1.png","contentUrl":"https:\/\/autoadra.pl\/wp-content\/uploads\/2020\/06\/logo_n-czyste-\u2014-kopia-1.png","width":450,"height":126,"caption":"Auto Adra"},"image":{"@id":"https:\/\/autoadra.pl\/#\/schema\/logo\/image\/"},"sameAs":["https:\/\/www.facebook.com\/AutoAdra\/"]}]}},"_links":{"self":[{"href":"https:\/\/autoadra.pl\/index.php\/wp-json\/wp\/v2\/pages\/114","targetHints":{"allow":["GET"]}}],"collection":[{"href":"https:\/\/autoadra.pl\/index.php\/wp-json\/wp\/v2\/pages"}],"about":[{"href":"https:\/\/autoadra.pl\/index.php\/wp-json\/wp\/v2\/types\/page"}],"author":[{"embeddable":true,"href":"https:\/\/autoadra.pl\/index.php\/wp-json\/wp\/v2\/users\/1"}],"replies":[{"embeddable":true,"href":"https:\/\/autoadra.pl\/index.php\/wp-json\/wp\/v2\/comments?post=114"}],"version-history":[{"count":7,"href":"https:\/\/autoadra.pl\/index.php\/wp-json\/wp\/v2\/pages\/114\/revisions"}],"predecessor-version":[{"id":425,"href":"https:\/\/autoadra.pl\/index.php\/wp-json\/wp\/v2\/pages\/114\/revisions\/425"}],"wp:attachment":[{"href":"https:\/\/autoadra.pl\/index.php\/wp-json\/wp\/v2\/media?parent=114"}],"curies":[{"name":"wp","href":"https:\/\/api.w.org\/{rel}","templated":true}]}}